 when 1307122 is divided by 2872?
362
Calculate the remainder when 166423 is divided by 47.
43
What is the remainder when 3916 is divided by 3114?
802
Calculate the remainder when 6363645 is divided by 12.
9
What is the remainder when 1536925 is divided by 1536924?
1
What is the remainder when 15865060 is divided by 721139?
2
Calculate the remainder when 29406 is divided by 174.
0
What is the remainder when 18104970 is divided by 8196?
6
Calculate the remainder when 5630072 is divided by 56869.
41
Calculate the remainder when 5517794 is divided by 729.
722
What is the remainder when 1333179 is divided by 1503?
18
What is the remainder when 32254093 is divided by 304?
301
Calculate the remainder when 50568168 is divided by 16856050.
18
Calculate the remainder when 1386268 is divided by 44.
4
What is the remainder when 759396 is divided by 58296?
1548
What is the remainder when 1452221 is divided by 623?
8
Calculate the remainder when 791743389 is divided by 1964.
1961
Calculate the remainder when 800366 is divided by 200090.
6
Calculate the remainder when 38466624 is divided by 610581.
21
What is the remainder when 60628 is divided by 869?
667
What is the remainder when 91222 is divided by 1156?
1054
What is the remainder when 7358852 is divided by 936?
20
Calculate the remainder when 92840755 is divided by 56165.
10
Calculate the remainder when 670300 is divided by 5.
0
What is the remainder when 2802646 is divided by 102?
94
Calculate the remainder when 1177899 is divided by 1785.
1584
Calculate the remainder when 235089364 is divided by 35.
34
Calculate the remainder when 4373 is divided by 1732.
909
What is the remainder when 1401068 is divided by 58377?
20
What is the remainder when 8560047 is divided by 2298?
2295
Calculate the remainder when 2136430 is divided by 13351.
270
What is the remainder when 306249 is divided by 24?
9
Calculate the remainder when 2067487 is divided by 1057.
1052
What is the remainder when 2057795 is divided by 215?
30
What is the remainder when 45992964 is divided by 88448?
4
Calculate the remainder when 231441 is divided by 1072.
961
Calculate the remainder when 5939364 is divided by 56.
4
What is the remainder when 186649 is divided by 365?
134
Calculate the remainder when 484366 is divided by 267.
28
Calculate the remainder when 8423277 is divided by 8423263.
14
Calculate the remainder when 9766 is divided by 4452.
862
Calculate the remainder when 144651772 is divided by 4169.
4148
Calculate the remainder when 18852245 is divided by 2859.
2858
What is the remainder when 1357372 is divided by 37?
27
Calculate the remainder when 1353318 is divided by 40.
38
What is the remainder when 105486154 is divided by 508?
462
Calculate the remainder when 108367 is divided by 7113.
1672
What is the remainder when 116596971 is divided by 2649931?
7
What is the remainder when 5047579 is divided by 5047549?
30
Calculate the remainder when 1325637 is divided by 352.
5
What is the remainder when 23173 is divided by 10907?
1359
What is the remainder when 104435320 is divided by 6967?
6957
Calculate the remainder when 67338 is divided by 16763.
286
Calculate the remainder when 289198 is divided by 20.
18
What is the remainder when 179209226 is divided by 22?
20
Calculate the remainder when 4776485 is divided by 796066.
89
Calculate the remainder when 2230736 is divided by 486.
482
What is the remainder when 67183195 is divided by 6?
1
What is the remainder when 3410714 is divided by 284226?
2
Calculate the remainder when 4843569 is divided by 72292.
5
Calculate the remainder when 15170 is divided by 5.
0
What is the remainder when 1334964 is divided by 133474?
224
What is the remainder when 736371 is divided by 18395?
571
What is the remainder when 32836 is divided by 2320?
356
Calculate the remainder when 7183784 is divided by 23.
10
Calculate the remainder when 9298856 is divided by 30588.
104
What is the remainder when 111667 is divided by 18514?
583
Calculate the remainder when 86303219 is divided by 204.
203
Calculate the remainder when 64320143 is divided by 973.
951
Calculate the remainder when 34642393 is divided by 73.
24
Calculate the remainder when 605443487 is divided by 335.
332
What is the remainder when 40722 is divided by 295?
12
What is the remainder when 524308 is divided by 3772?
0
Calculate the remainder when 469565 is divided by 259.
257
What is the remainder when 4453192 is divided by 636169?
9
Calculate the remainder when 3575800 is divided by 223.
218
Calculate the remainder when 305069 is divided by 38110.
189
What is the remainder when 432899629 is divided by 8?
5
What is the remainder when 8464763 is divided by 924?
923
Calculate the remainder when 60226749 is divided by 20075583.
0
Calculate the remainder when 463729 is divided by 33.
13
Calculate the remainder when 37110720 is divided by 2319420.
0
What is the remainder when 2689544 is divided by 5?
4
Calculate the remainder when 20793011 is divided by 201.
164
Calculate the remainder when 24429192 is divided by 108.
24
Calculate the remainder when 36718 is divided by 8611.
2274
What is the remainder when 10064771 is divided by 18?
17
What is the remainder when 76980736 is divided by 271?
205
Calculate the remainder when 5903704 is divided by 121.
114
Calculate the remainder when 226698 is divided by 28316.
170
What is the remainder when 1160891849 is divided by 10?
9
What is the remainder when 74589911 is divided by 14917980?
11
What is the remainder when 3394263 is divided by 88?
15
What is the remainder when 29543492 is divided by 367?
359
What is the remainder when 1140517 is divided by 595?
497
Calculate the remainder when 5106430 is divided by 1702136.
22
Calculate the remainder when 914978 is divided by 122.
100
What is the remainder when 487235130 is divided by 7?
4
What is the remainder when 26083963 is divided by 3260494?
11
What is the remainder when 260170 is divided by 816?
682
What is the remainder when 1297006 is divided by 910?
256
What is the remainder when 877429 is divided by 7373?
42
Calculate the remainder when 139709 is divided by 12492.
2297
Calculate the remainder when 278247619 is divided by 35.
34
What is the remainder when 225132 is divided by 73562?
4446
Calculate the remainder when 8972637 is divided by 36.
33
What is the remainder when 137819 is divided by 9184?
59
What is the remainder when 1480381 is divided by 29606?
81
What is the remainder when 1618542 is divided by 63?
9
Calculate the remainder when 12362362 is divided by 17.
13
What is the remainder when 125879 is divided by 62742?
395
What is the remainder when 201457545 is divided by 9?
6
What is the remainder when 936230 is divided by 855?
5
Calculate the remainder when 706117 is divided by 384.
325
Calculate the remainder when 249123543 is divided by 54.
51
What is the remainder when 2250671 is divided by 750222?
5
Calculate the remainder when 5211787 is divided by 439.
418
Calculate the remainder when 24176853 is divided by 5433.
3
Calculate the remainder when 538291 is divided by 41407.
0
Calculate the remainder when 51271 is divided by 2432.
199
Calculate the remainder when 89898 is divided by 89433.
465
Calculate the remainder when 7644987 is divided by 114.
33
What is the remainder when 4829935 is divided by 2414963?
9
Calculate the remainder when 31370349 is divided by 22.
21
What is the remainder when 233915847 is divided by 630?
627
Calculate the remainder when 8236845 is divided by 1705.
1695
What is the remainder when 103343692 is divided by 2992?
12
What is the remainder when 83770 is divided by 60?
10
What is the remainder when 651582 is divided by 650514?
1068
Calculate the remainder when 37019387 is divided by 258.
257
Calculate the remainder when 7274389 is divided by 53.
33
What is the remainder when 16077 is divided by 15987?
90
What is the remainder when 34978169 is divided by 393?
383
Calculate the remainder when 3196309 is divided by 1065374.
187
Calculate the remainder when 7443742 is divided by 2508.
2506
What is the remainder when 34130909 is divided by 590?
589
What is the remainder when 159257 is divided by 129?
71
Calculate the remainder when 2550207 is divided by 709.
643
Calculate the remainder when 101491 is divided by 1430.
1